?
False
Is 23 a factor of 80281208?
False
Is 438739435 a multiple of 44?
False
Is 264562721 a multiple of 3227?
False
Is 147414014 even?
True
Is 27442688 a multiple of 266?
True
Is 1898 a factor of 32095180?
True
Is 64 a factor of 60498944?
True
Does 58 divide 2237776938?
True
Does 3645 divide 2876874186?
False
Is 452 a factor of 16340920?
False
Is 90673985 a multiple of 36?
False
Is 1114 a factor of 59974418?
True
Is 262774730 a multiple of 3446?
True
Is 733636224 a multiple of 864?
True
Is 2834 a factor of 330906342?
True
Is 2739 a factor of 1170161058?
True
Does 1477 divide 81612304?
False
Is 22141429 a multiple of 388?
False
Is 74764519 a multiple of 722?
False
Does 4 divide 32114236?
True
Is 1032451002 a multiple of 66?
True
Does 81 divide 94742650?
False
Is 823 a factor of 116837690?
False
Is 2854583524 a multiple of 5864?
False
Does 517 divide 442247487?
True
Is 25 a factor of 153543262?
False
Does 296 divide 11977245?
False
Is 503 a factor of 17491106?
False
Does 1097 divide 109155888?
True
Is 27217776 a multiple of 48?
True
Is 182012754 a multiple of 506?
True
Does 6 divide 29384201?
False
Does 833 divide 62100002?
False
Does 26 divide 611011986?
True
Does 16 divide 643070416?
True
Is 408134550 a multiple of 30?
True
Does 9488 divide 3536595072?
True
Is 106 a factor of 205407200?
False
Is 3301298047 a multiple of 16?
False
Does 376 divide 21850270?
False
Is 67 a factor of 6489255?
False
Does 15 divide 31113023?
False
Is 220477258 a multiple of 569?
True
Does 283 divide 424390699?
False
Does 1647 divide 76157280?
True
Is 49 a factor of 808979808?
True
Does 156 divide 140261628?
True
Is 24 a factor of 693738297?
False
Is 15 a factor of 18480201?
False
Is 120868183 a multiple of 757?
False
Is 805586684 a multiple of 8?
False
Is 21759014 a multiple of 33?
False
Is 485169767 a multiple of 3005?
False
Is 1951 a factor of 77256839?
False
Does 2057 divide 546002030?
False
Is 152 a factor of 41083320?
True
Is 229398136 a multiple of 36?
False
Is 6 a factor of 5240946?
True
Is 1101722 a multiple of 15?
False
Does 667 divide 20171414?
True
Does 5 divide 127913135?
True
Does 6 divide 173150726?
False
Is 13848206 a multiple of 1744?
False
Does 45 divide 2011332382?
False
Is 11658875 a multiple of 3?
False
Is 30 a factor of 257327996?
False
Does 15 divide 589712393?
False
Is 346496238 a multiple of 682?
True
Is 2441997585 a multiple of 9?
True
Does 42 divide 1910792730?
True
Is 81611016 a multiple of 68?
True
Does 23 divide 2161703?
False
Is 466133341 a multiple of 23?
True
Does 121 divide 3874796794?
True
Does 1276 divide 33019870?
False
Is 1523912922 a multiple of 126?
True
Does 274 divide 60268218?
True
Is 90 a factor of 30093930?
True
Is 37 a factor of 13766904?
False
Is 422 a factor of 55597656?
True
Is 904 a factor of 17765919?
False
Is 30843351 a multiple of 63?
True
Is 13 a factor of 51922078?
True
Is 8 a factor of 6736968?
True
Does 22 divide 1354240316?
True
Does 16 divide 2006709600?
True
Is 17 a factor of 9791728?
True
Is 220 a factor of 787168?
False
Does 17 divide 716246930?
False
Does 2080 divide 42681600?
True
Does 1784 divide 988640102?
False
Is 25 a factor of 90719400?
True
Is 3823 a factor of 1298113325?
False
Is 28 a factor of 477431500?
True
Is 1395 a factor of 659361972?
False
Does 1082 divide 1232461?
False
Does 128 divide 18191616?
True
Does 654 divide 61188635?
False
Does 49 divide 3712952?
False
Is 7484355 a multiple of 9?
True
Does 28 divide 1889353210?
False
Is 14 a factor of 49082157?
False
Is 183 a factor of 686294103?
True
Is 12 a factor of 2101961562?
False
Does 49 divide 144972?
False
Is 14 a factor of 5471138?
False
Is 10 a factor of 2351384829?
False
Is 336 a factor of 133017360?
True
Is 14 a factor of 43477210?
True
Does 175 divide 157556030?
False
Is 116344834 a multiple of 1294?
True
Is 498 a factor of 1485921589?
False
Is 274 a factor of 17113766?
True
Is 1073 a factor of 15052848?
False
Is 3537 a factor of 4020780249?
True
Is 425206480 a multiple of 2163?
False
Does 267 divide 54937967?
False
Does 21 divide 164130504?
False
Does 292 divide 33086281?
False
Is 59893432 a multiple of 6?
False
Is 17 a factor of 59159694?
True
Is 150381445 a multiple of 15?
False
Does 284 divide 488129544?
True
Is 149 a factor of 92750116?
True
Does 3 divide 329212311?
True
Is 1419382177 a multiple of 3591?
False
Does 33 divide 26337399?
True
Is 8686009 a multiple of 37?
True
Is 40 a factor of 61333?
False
Is 32673342 a multiple of 344?
False
Is 79 a factor of 181400551?
False
Does 23 divide 27110169?
True
Is 2341 a factor of 884632787?
False
Is 239 a factor of 216056?
True
Is 886316529 a multiple of 53?
False
Is 397 a factor of 9339028?
True
Does 63 divide 87824257?
False
Does 66 divide 478822212?
True
Does 2225 divide 66705500?
True
Is 70 a factor of 183762600?
True
Is 25 a factor of 130360564?
False
Is 26260044 a multiple of 1524?
True
Is 1298491308 a multiple of 954?
True
Is 8716239 a multiple of 4?
False
Is 68 a factor of 143785660?
True
Is 14 a factor of 143266326?
True
Is 255 a factor of 120898579?
False
Is 2846630865 a multiple of 87?
True
Is 4006 a factor of 20171584?
False
Is 37647841 a multiple of 16?
False
Does 16 divide 270805035?
False
Is 1612234899 a multiple of 8034?
False
Does 541 divide 34275596?
True
Is 1179778331 a multiple of 4330?
False
Is 419786340 a multiple of 30?
True
Does 948 divide 304707108?
True
Is 14917308 a multiple of 691?
True
Is 34 a factor of 10366873?
False
Does 156 divide 14992224?
True
Is 9790410 a multiple of 10?
True
Does 13 divide 208431509?
True
Is 191589763 a multiple of 30?
False
Is 96788483 a multiple of 42?
False
Does 572 divide 3425392?
False
Is 14 a factor of 78027908?
True
Is 829849074 a multiple of 633?
True
Is 841167607 a multiple of 679?
True
Does 5 divide 13509035?
True
Is 925222658 a multiple of 86?
True
Is 5763 a factor of 2465188790?
False
Does 7 divide 160078611?
True
Does 37 divide 99035588?
False
Is 13937456 a multiple of 13?
True
Is 2235 a factor of 28520835?
True
Is 1679 a factor of 19788694?
True
Does 22 divide 1623376634?
True
Is 61 a factor of 2940214762?
True
Does 2366 divide 1567235231?
False
Is 48 a factor of 464850480?
True
Is 366953221 a multiple of 1038?
False
Is 466 a factor of 119753238?
False
Is 27776846 a multiple of 9?
False
Does 49 divide 1306487898?
False
Is 632713502 a multiple of 5578?
False
Is 32 a factor of 23422912?
True
Is 6386940 a multiple of 21?
True
Is 7 a factor of 10971884?
True
Is 4 a factor of 218554736?
True
Is 321410068 a multiple of 7?
True
Is 177 a factor of 555970748?
False
Is 23 a factor of 219676197?
True
Is 33422263 a multiple of 124?
False
Is 51 a factor of 159537095?
False
Is 535401620 a multiple of 26?
True
Does 133 divide 20369053?
False
Does 17 divide 1265446?
True
Does 158 divide 31876658?
True
Does 29 divide 3843953?
False
Is 242310079 a multiple of 41?
False
Is 67869111 a multiple of 519?
True
Does 81 divide 32732204?
False
Is 694227144 a multiple of 18?
False
Does 31 divide 85097542?
True
Is 161560620 a multiple of 452?
True
Is 6682113 a multiple of 3?
True
Does 12 divide 1791455990?
False
Does 67 divide 334371932?
False
Does 2113 divide 910641723?
True
Is 763629236 a multiple of 37?
True
Does 22 divide 1211255031?
False
Is 303805635 a multiple of 5?
True
Is 2941 a factor of 171839689?
True
Does 475 divide 1674850?
True
Is 1592576192 a multiple of 2762?
False
Is 420816625 a multiple of 125?
True
Is 77356269 a multiple of 405?
False
Is 3341 a factor of 496603584?
False
Does 79 divide 1718925371?
True
Does 143 divide 97612944?
True
Is 72806487 a multiple of 571?
False
Is 2533014843 a multiple of 7630?
False
Is 276264140 a multiple of 3086?
False
Is 21 a factor of 538508082?
True
Is 5 a factor of 5576835?
True
Is 11 a factor of 281422735?
True
Is 156 a factor of 44052060?
True
Is 295273329 a multiple of 440?
False
Is 522130276 a multiple of 316?
True
Does 113 divide 2146327650?
True
Is 54295918 a multiple of 386?
True
Does 94 divide 41332646?
True
Does 80 divide 195850445?
False
Is 304 a factor of 6550356?
False
Is 1836 a factor of 10175112?
True
Is 179282049 a multiple of 1109?
True
Is 10 a factor of 76877607?
False
Is 38 a factor of 2923180248?
True
Does 52 divide 22102110?
False
Is 18 a factor of 4997276?
False
Is 933 